{"id":1942,"date":"2023-05-02T11:44:15","date_gmt":"2023-05-02T09:44:15","guid":{"rendered":"https:\/\/giriczvera.hu\/?page_id=1942"},"modified":"2023-12-03T22:08:28","modified_gmt":"2023-12-03T21:08:28","slug":"bizottsagok","status":"publish","type":"page","link":"https:\/\/giriczvera.hu\/ru\/bizottsagok\/","title":{"rendered":"bizotts\u00e1gok"},"content":{"rendered":"<div data-elementor-type=\"wp-page\" data-elementor-id=\"1942\" class=\"elementor elementor-1942\" data-elementor-post-type=\"page\">\n\t\t\t\t\t\t<section class=\"elementor-section elementor-top-section elementor-element elementor-element-b113d69 elementor-section-boxed elementor-section-height-default elementor-section-height-default\" data-id=\"b113d69\" data-element_type=\"section\">\n\t\t\t\t\t\t<div class=\"elementor-container elementor-column-gap-default\">\n\t\t\t\t\t<div class=\"elementor-column elementor-col-100 elementor-top-column elementor-element elementor-element-7ebeb9e\" data-id=\"7ebeb9e\" data-element_type=\"column\">\n\t\t\t<div class=\"elementor-widget-wrap elementor-element-populated\">\n\t\t\t\t\t\t<div class=\"elementor-element elementor-element-6b0cd2c elementor-widget elementor-widget-text-editor\" data-id=\"6b0cd2c\" data-element_type=\"widget\" data-widget_type=\"text-editor.default\">\n\t\t\t\t<div class=\"elementor-widget-container\">\n\t\t\t\t\t\t\t\t\t<p><a href=\"https:\/\/giriczvera.hu\/ru\/a-magyarorszagi-nemzetisegek-bizottsaga-2023-07-03-ulese\/\">\u041a\u043e\u043c\u0456\u0441\u0456\u044f \u0437\u0430 \u043d\u0430\u0446\u0456\u043e\u043d\u0430\u043b\u043d\u0457 \u043c\u0435\u043d\u0448\u044b\u043d\u0441\u0442\u0432\u0430 \u041c\u0430\u0434\u044f\u0440\u0449\u0438\u043d\u044b\u00a0<\/a><\/p><p>\u041f\u0443\u0434\u043a\u043e\u043c\u0456\u0441\u0456\u044f \u041a\u043e\u043c\u0456\u0441\u0456\u0457 \u043d\u0430\u0446\u0456\u043e\u043d\u0430\u043b\u043d\u044b\u0445 \u043c\u0435\u043d\u0448\u044b\u043d \u041c\u0430\u0434\u044f\u0440\u0449\u0438\u043d\u044b \u0437\u0430 \u0445\u043e\u0432\u0430\u043d\u044f, \u0440\u0435\u043b\u0456\u0491\u0456\u044e \u0438 \u043a\u0443\u043b\u0442\u0443\u0440\u0443 \u043d\u0430\u0446\u0456\u043e\u043d\u0430\u043b\u043d\u044b\u0445 \u043c\u0435\u043d\u0448\u044b\u043d \u041c\u0430\u0434\u044f\u0440\u0449\u0438\u043d\u044b<\/p><p>\u041a\u043e\u043c\u0456\u0441\u0456\u044f \u0437\u0430 \u0432\u043e\u043f\u0440\u043e\u0441\u044b \u0404\u0432\u0440\u043e\u043f\u044b<\/p><p><a href=\"https:\/\/giriczvera.hu\/ru\/a-nemzeti-fenntarthato-fejlodesi-tanacs2023-03-31-ulese\/\">\u041d\u0430\u0446\u0456\u043e\u043d\u0430\u043b\u043d\u044b\u0439 \u0441\u043e\u0432\u0456\u0442 \u0435\u043a\u043e\u043b\u043e\u0491\u0456\u0447\u043d\u043e\u0433\u043e \u0440\u043e\u0437\u0432\u043e\u044f<\/a><\/p><p><a href=\"https:\/\/giriczvera.hu\/ru\/az-orszaggyulesi-magyar-cseh-barati-csoportjanak-elso-ulese\/\">\u2022 Magyar-Cseh Bar\u00e1ti Tagozat<\/a><\/p><p><span style=\"font-family: var( --e-global-typography-text-font-family ), Sans; font-size: 1rem;\">\u2022\u00a0<\/span>Magyar-Szlov\u00e1k Bar\u00e1ti Tagozat<\/p><p class=\"translation-block\">M\u0430\u0434\u044f\u0440\u0441\u044c\u043a\u043e-\u0441\u043b\u043e\u0432\u0430\u0446\u044c\u043a\u0430, \u041c\u0430\u0434\u044f\u0440\u0441\u044c\u043a\u043e-\u0447\u0435\u0448\u0441\u044c\u043a\u0430 \u043f\u0440\u0438\u044f\u0442\u0435\u043b\u044c\u0441\u044c\u043a\u0430 \u0491\u0440\u0443\u043f\u0430  \u041c\u0435\u0436\u0435\u043f\u0430\u0440\u043b\u0430\u043c\u0435\u043d\u0442\u0441\u044c\u043a\u0443\u0439 \u0423\u043d\u0456\u0457<\/p>\t\t\t\t\t\t\t\t<\/div>\n\t\t\t\t<\/div>\n\t\t\t\t\t<\/div>\n\t\t<\/div>\n\t\t\t\t\t<\/div>\n\t\t<\/section>\n\t\t\t\t<\/div>","protected":false},"excerpt":{"rendered":"<p>\u2022 Az Orsz\u00e1ggy\u0171l\u00e9s Magyarorsz\u00e1gi Nemzetis\u00e9gek Bizotts\u00e1ga\u00a0 \u2022 Magyarorsz\u00e1gi Nemzetis\u00e9gek Bizotts\u00e1ga K\u00f6znevel\u00e9si, Kultur\u00e1lis \u00e9s Egyh\u00e1z\u00fcgyi Albizotts\u00e1ga \u2022 Eur\u00f3pai \u00dcgyek Bizotts\u00e1ga \u2022 Nemzeti Fenntarthat\u00f3 Fejl\u0151d\u00e9s Tan\u00e1cs \u2022 Magyar-Cseh Bar\u00e1ti Tagozat \u2022\u00a0Magyar-Szlov\u00e1k Bar\u00e1ti Tagozat \u2022 Az Interparlament\u00e1ris Uni\u00f3 Magyar-Szlov\u00e1k \u00e9s Magyar-Cseh Bar\u00e1ti Tagoza<\/p>","protected":false},"author":1,"featured_media":0,"parent":0,"menu_order":0,"comment_status":"closed","ping_status":"closed","template":"","meta":{"footnotes":""},"class_list":["post-1942","page","type-page","status-publish","hentry"],"yoast_head":"<!-- This site is optimized with the Yoast SEO plugin v25.8 - https:\/\/yoast.com\/wordpress\/plugins\/seo\/ -->\n<title>bizotts\u00e1gok - GIRICZ VERA<\/title>\n<meta name=\"robots\" content=\"index, follow, max-snippet:-1, max-image-preview:large, max-video-preview:-1\" \/>\n<link rel=\"canonical\" href=\"https:\/\/giriczvera.hu\/ru\/bizottsagok\/\" \/>\n<meta property=\"og:locale\" content=\"ru_RU\" \/>\n<meta property=\"og:type\" content=\"article\" \/>\n<meta property=\"og:title\" content=\"bizotts\u00e1gok - GIRICZ VERA\" \/>\n<meta property=\"og:description\" content=\"\u2022 Az Orsz\u00e1ggy\u0171l\u00e9s Magyarorsz\u00e1gi Nemzetis\u00e9gek Bizotts\u00e1ga\u00a0 \u2022 Magyarorsz\u00e1gi Nemzetis\u00e9gek Bizotts\u00e1ga K\u00f6znevel\u00e9si, Kultur\u00e1lis \u00e9s Egyh\u00e1z\u00fcgyi Albizotts\u00e1ga \u2022 Eur\u00f3pai \u00dcgyek Bizotts\u00e1ga \u2022 Nemzeti Fenntarthat\u00f3 Fejl\u0151d\u00e9s Tan\u00e1cs \u2022 Magyar-Cseh Bar\u00e1ti Tagozat \u2022\u00a0Magyar-Szlov\u00e1k Bar\u00e1ti Tagozat \u2022 Az Interparlament\u00e1ris Uni\u00f3 Magyar-Szlov\u00e1k \u00e9s Magyar-Cseh Bar\u00e1ti Tagoza\" \/>\n<meta property=\"og:url\" content=\"https:\/\/giriczvera.hu\/ru\/bizottsagok\/\" \/>\n<meta property=\"og:site_name\" content=\"GIRICZ VERA\" \/>\n<meta property=\"article:modified_time\" content=\"2023-12-03T21:08:28+00:00\" \/>\n<meta name=\"twitter:card\" content=\"summary_large_image\" \/>\n<meta name=\"twitter:label1\" content=\"\u041f\u0440\u0438\u043c\u0435\u0440\u043d\u043e\u0435 \u0432\u0440\u0435\u043c\u044f \u0434\u043b\u044f \u0447\u0442\u0435\u043d\u0438\u044f\" \/>\n\t<meta name=\"twitter:data1\" content=\"1 \u043c\u0438\u043d\u0443\u0442\u0430\" \/>\n<script type=\"application\/ld+json\" class=\"yoast-schema-graph\">{\"@context\":\"https:\/\/schema.org\",\"@graph\":[{\"@type\":\"WebPage\",\"@id\":\"https:\/\/giriczvera.hu\/bizottsagok\/\",\"url\":\"https:\/\/giriczvera.hu\/bizottsagok\/\",\"name\":\"bizotts\u00e1gok - GIRICZ VERA\",\"isPartOf\":{\"@id\":\"https:\/\/giriczvera.hu\/#website\"},\"datePublished\":\"2023-05-02T09:44:15+00:00\",\"dateModified\":\"2023-12-03T21:08:28+00:00\",\"breadcrumb\":{\"@id\":\"https:\/\/giriczvera.hu\/bizottsagok\/#breadcrumb\"},\"inLanguage\":\"ru-RU\",\"potentialAction\":[{\"@type\":\"ReadAction\",\"target\":[\"https:\/\/giriczvera.hu\/bizottsagok\/\"]}]},{\"@type\":\"BreadcrumbList\",\"@id\":\"https:\/\/giriczvera.hu\/bizottsagok\/#breadcrumb\",\"itemListElement\":[{\"@type\":\"ListItem\",\"position\":1,\"name\":\"Kezd\u0151lap\",\"item\":\"https:\/\/giriczvera.hu\/\"},{\"@type\":\"ListItem\",\"position\":2,\"name\":\"bizotts\u00e1gok\"}]},{\"@type\":\"WebSite\",\"@id\":\"https:\/\/giriczvera.hu\/#website\",\"url\":\"https:\/\/giriczvera.hu\/\",\"name\":\"GIRICZ VERA\",\"description\":\"ruszin nemzetis\u00e9gi sz\u00f3sz\u00f3l\u00f3\",\"potentialAction\":[{\"@type\":\"SearchAction\",\"target\":{\"@type\":\"EntryPoint\",\"urlTemplate\":\"https:\/\/giriczvera.hu\/?s={search_term_string}\"},\"query-input\":{\"@type\":\"PropertyValueSpecification\",\"valueRequired\":true,\"valueName\":\"search_term_string\"}}],\"inLanguage\":\"ru-RU\"}]}<\/script>\n<!-- \/ Yoast SEO plugin. -->","yoast_head_json":{"title":"bizotts\u00e1gok - GIRICZ VERA","robots":{"index":"index","follow":"follow","max-snippet":"max-snippet:-1","max-image-preview":"max-image-preview:large","max-video-preview":"max-video-preview:-1"},"canonical":"https:\/\/giriczvera.hu\/ru\/bizottsagok\/","og_locale":"ru_RU","og_type":"article","og_title":"bizotts\u00e1gok - GIRICZ VERA","og_description":"\u2022 Az Orsz\u00e1ggy\u0171l\u00e9s Magyarorsz\u00e1gi Nemzetis\u00e9gek Bizotts\u00e1ga\u00a0 \u2022 Magyarorsz\u00e1gi Nemzetis\u00e9gek Bizotts\u00e1ga K\u00f6znevel\u00e9si, Kultur\u00e1lis \u00e9s Egyh\u00e1z\u00fcgyi Albizotts\u00e1ga \u2022 Eur\u00f3pai \u00dcgyek Bizotts\u00e1ga \u2022 Nemzeti Fenntarthat\u00f3 Fejl\u0151d\u00e9s Tan\u00e1cs \u2022 Magyar-Cseh Bar\u00e1ti Tagozat \u2022\u00a0Magyar-Szlov\u00e1k Bar\u00e1ti Tagozat \u2022 Az Interparlament\u00e1ris Uni\u00f3 Magyar-Szlov\u00e1k \u00e9s Magyar-Cseh Bar\u00e1ti Tagoza","og_url":"https:\/\/giriczvera.hu\/ru\/bizottsagok\/","og_site_name":"GIRICZ VERA","article_modified_time":"2023-12-03T21:08:28+00:00","twitter_card":"summary_large_image","twitter_misc":{"\u041f\u0440\u0438\u043c\u0435\u0440\u043d\u043e\u0435 \u0432\u0440\u0435\u043c\u044f \u0434\u043b\u044f \u0447\u0442\u0435\u043d\u0438\u044f":"1 \u043c\u0438\u043d\u0443\u0442\u0430"},"schema":{"@context":"https:\/\/schema.org","@graph":[{"@type":"WebPage","@id":"https:\/\/giriczvera.hu\/bizottsagok\/","url":"https:\/\/giriczvera.hu\/bizottsagok\/","name":"bizotts\u00e1gok - GIRICZ VERA","isPartOf":{"@id":"https:\/\/giriczvera.hu\/#website"},"datePublished":"2023-05-02T09:44:15+00:00","dateModified":"2023-12-03T21:08:28+00:00","breadcrumb":{"@id":"https:\/\/giriczvera.hu\/bizottsagok\/#breadcrumb"},"inLanguage":"ru-RU","potentialAction":[{"@type":"ReadAction","target":["https:\/\/giriczvera.hu\/bizottsagok\/"]}]},{"@type":"BreadcrumbList","@id":"https:\/\/giriczvera.hu\/bizottsagok\/#breadcrumb","itemListElement":[{"@type":"ListItem","position":1,"name":"Kezd\u0151lap","item":"https:\/\/giriczvera.hu\/"},{"@type":"ListItem","position":2,"name":"bizotts\u00e1gok"}]},{"@type":"WebSite","@id":"https:\/\/giriczvera.hu\/#website","url":"https:\/\/giriczvera.hu\/","name":"\u0412\u0406\u0420\u0410 \u0490\u0406\u0420\u0406\u0426","description":"\u043f\u043e\u0441\u043b\u0430\u043d\u0438\u043a \u0420\u0443\u0441\u0438\u043d\u0443\u0432 \u0443 \u041f\u0430\u0440\u043b\u0430\u043c\u0435\u043d\u0442\u0457","potentialAction":[{"@type":"SearchAction","target":{"@type":"EntryPoint","urlTemplate":"https:\/\/giriczvera.hu\/?s={search_term_string}"},"query-input":{"@type":"PropertyValueSpecification","valueRequired":true,"valueName":"search_term_string"}}],"inLanguage":"ru-RU"}]}},"_links":{"self":[{"href":"https:\/\/giriczvera.hu\/ru\/wp-json\/wp\/v2\/pages\/1942","targetHints":{"allow":["GET"]}}],"collection":[{"href":"https:\/\/giriczvera.hu\/ru\/wp-json\/wp\/v2\/pages"}],"about":[{"href":"https:\/\/giriczvera.hu\/ru\/wp-json\/wp\/v2\/types\/page"}],"author":[{"embeddable":true,"href":"https:\/\/giriczvera.hu\/ru\/wp-json\/wp\/v2\/users\/1"}],"replies":[{"embeddable":true,"href":"https:\/\/giriczvera.hu\/ru\/wp-json\/wp\/v2\/comments?post=1942"}],"version-history":[{"count":12,"href":"https:\/\/giriczvera.hu\/ru\/wp-json\/wp\/v2\/pages\/1942\/revisions"}],"predecessor-version":[{"id":3086,"href":"https:\/\/giriczvera.hu\/ru\/wp-json\/wp\/v2\/pages\/1942\/revisions\/3086"}],"wp:attachment":[{"href":"https:\/\/giriczvera.hu\/ru\/wp-json\/wp\/v2\/media?parent=1942"}],"curies":[{"name":"wp","href":"https:\/\/api.w.org\/{rel}","templated":true}]}}

bizottságok

<div data-elementor-type="wp-page" data-elementor-id="1942" class="elementor elementor-1942" data-elementor-post-type="page">
						<section class="elementor-section elementor-top-section elementor-element elementor-element-b113d69 elementor-section-boxed elementor-section-height-default elementor-section-height-default" data-id="b113d69" data-element_type="section">
						<div class="elementor-container elementor-column-gap-default">
					<div class="elementor-column elementor-col-100 elementor-top-column elementor-element elementor-element-7ebeb9e" data-id="7ebeb9e" data-element_type="column">
			<div class="elementor-widget-wrap elementor-element-populated">
						<div class="elementor-element elementor-element-6b0cd2c elementor-widget elementor-widget-text-editor" data-id="6b0cd2c" data-element_type="widget" data-widget_type="text-editor.default">
				<div class="elementor-widget-container">
									<p><a href="https://giriczvera.hu/ru/a-magyarorszagi-nemzetisegek-bizottsaga-2023-07-03-ulese/">Комісія за націоналнї меншынства Мадярщины </a></p><p>Пудкомісія Комісії націоналных меншын Мадярщины за хованя, реліґію и културу націоналных меншын Мадярщины</p><p>Комісія за вопросы Європы</p><p><a href="https://giriczvera.hu/ru/a-nemzeti-fenntarthato-fejlodesi-tanacs2023-03-31-ulese/">Націоналный совіт еколоґічного розвоя</a></p><p><a href="https://giriczvera.hu/ru/az-orszaggyulesi-magyar-cseh-barati-csoportjanak-elso-ulese/">• Magyar-Cseh Baráti Tagozat</a></p><p><span style="font-family: var( --e-global-typography-text-font-family ), Sans; font-size: 1rem;">• </span>Magyar-Szlovák Baráti Tagozat</p><p class="translation-block">Mадярсько-словацька, Мадярсько-чешська приятельська ґрупа  Межепарламентськуй Унії</p>								</div>
				</div>
					</div>
		</div>
					</div>
		</section>
				</div>

<p>• Az Országgyűlés Magyarországi Nemzetiségek Bizottsága  • Magyarországi Nemzetiségek Bizottsága Köznevelési, Kulturális és Egyházügyi Albizottsága • Európai Ügyek Bizottsága • Nemzeti Fenntartható Fejlődés Tanács • Magyar-Cseh Baráti Tagozat • Magyar-Szlovák Baráti Tagozat • Az Interparlamentáris Unió Magyar-Szlovák és Magyar-Cseh Baráti Tagoza</p>

<!-- This site is optimized with the Yoast SEO plugin v25.8 - https://yoast.com/wordpress/plugins/seo/ -->
<title>bizottságok - GIRICZ VERA</title>
<meta name="robots" content="index, follow, max-snippet:-1, max-image-preview:large, max-video-preview:-1" />
<link rel="canonical" href="https://giriczvera.hu/ru/bizottsagok/" />
<meta property="og:locale" content="ru_RU" />
<meta property="og:type" content="article" />
<meta property="og:title" content="bizottságok - GIRICZ VERA" />
<meta property="og:description" content="• Az Országgyűlés Magyarországi Nemzetiségek Bizottsága  • Magyarországi Nemzetiségek Bizottsága Köznevelési, Kulturális és Egyházügyi Albizottsága • Európai Ügyek Bizottsága • Nemzeti Fenntartható Fejlődés Tanács • Magyar-Cseh Baráti Tagozat • Magyar-Szlovák Baráti Tagozat • Az Interparlamentáris Unió Magyar-Szlovák és Magyar-Cseh Baráti Tagoza" />
<meta property="og:url" content="https://giriczvera.hu/ru/bizottsagok/" />
<meta property="og:site_name" content="GIRICZ VERA" />
<meta property="article:modified_time" content="2023-12-03T21:08:28+00:00" />
<meta name="twitter:card" content="summary_large_image" />
<meta name="twitter:label1" content="Примерное время для чтения" />
	<meta name="twitter:data1" content="1 минута" />
<script type="application/ld+json" class="yoast-schema-graph">{"@context":"https://schema.org","@graph":[{"@type":"WebPage","@id":"https://giriczvera.hu/bizottsagok/","url":"https://giriczvera.hu/bizottsagok/","name":"bizottságok - GIRICZ VERA","isPartOf":{"@id":"https://giriczvera.hu/#website"},"datePublished":"2023-05-02T09:44:15+00:00","dateModified":"2023-12-03T21:08:28+00:00","breadcrumb":{"@id":"https://giriczvera.hu/bizottsagok/#breadcrumb"},"inLanguage":"ru-RU","potentialAction":[{"@type":"ReadAction","target":["https://giriczvera.hu/bizottsagok/"]}]},{"@type":"BreadcrumbList","@id":"https://giriczvera.hu/bizottsagok/#breadcrumb","itemListElement":[{"@type":"ListItem","position":1,"name":"Kezdőlap","item":"https://giriczvera.hu/"},{"@type":"ListItem","position":2,"name":"bizottságok"}]},{"@type":"WebSite","@id":"https://giriczvera.hu/#website","url":"https://giriczvera.hu/","name":"GIRICZ VERA","description":"ruszin nemzetiségi szószóló","potentialAction":[{"@type":"SearchAction","target":{"@type":"EntryPoint","urlTemplate":"https://giriczvera.hu/?s={search_term_string}"},"query-input":{"@type":"PropertyValueSpecification","valueRequired":true,"valueName":"search_term_string"}}],"inLanguage":"ru-RU"}]}</script>
<!-- / Yoast SEO plugin. -->

bizottságok - GIRICZ VERA

• Az Országgyűlés Magyarországi Nemzetiségek Bizottsága  • Magyarországi Nemzetiségek Bizottsága Köznevelési, Kulturális és Egyházügyi Albizottsága • Európai Ügyek Bizottsága • Nemzeti Fenntartható Fejlődés Tanács • Magyar-Cseh Baráti Tagozat • Magyar-Szlovák Baráti Tagozat • Az Interparlamentáris Unió Magyar-Szlovák és Magyar-Cseh Baráti Tagoza

1 минута

Kezdőlap

ВІРА ҐІРІЦ

посланик Русинув у Парламентї
