{"version":"1.0","provider_name":"\u0412\u0406\u0420\u0410 \u0490\u0406\u0420\u0406\u0426","provider_url":"https:\/\/giriczvera.hu\/ru","title":"Magyarorsz\u00e1gi Nemzetis\u00e9gek Bizotts\u00e1ga 2023.12.05. - GIRICZ VERA","type":"rich","width":600,"height":338,"html":"<blockquote class=\"wp-embedded-content\" data-secret=\"hBSbodzCXV\"><a href=\"https:\/\/giriczvera.hu\/ru\/magyarorszagi-nemzetisegek-bizottsaga-2023-december-5-ulese\/\">Magyarorsz\u00e1gi Nemzetis\u00e9gek Bizotts\u00e1ga 2023.12.05.<\/a><\/blockquote><iframe sandbox=\"allow-scripts\" security=\"restricted\" src=\"https:\/\/giriczvera.hu\/ru\/magyarorszagi-nemzetisegek-bizottsaga-2023-december-5-ulese\/embed\/#?secret=hBSbodzCXV\" width=\"600\" height=\"338\" title=\"\u00abMagyarorsz\u00e1gi Nemzetis\u00e9gek Bizotts\u00e1ga 2023.12.05.\u00bb &#8212; GIRICZ VERA\" data-secret=\"hBSbodzCXV\" frameborder=\"0\" marginwidth=\"0\" marginheight=\"0\" scrolling=\"no\" class=\"wp-embedded-content\"><\/iframe><script>\n\/*! This file is auto-generated *\/\n!function(d,l){\"use strict\";l.querySelector&&d.addEventListener&&\"undefined\"!=typeof URL&&(d.wp=d.wp||{},d.wp.receiveEmbedMessage||(d.wp.receiveEmbedMessage=function(e){var t=e.data;if((t||t.secret||t.message||t.value)&&!\/[^a-zA-Z0-9]\/.test(t.secret)){for(var s,r,n,a=l.querySelectorAll('iframe[data-secret=\"'+t.secret+'\"]'),o=l.querySelectorAll('blockquote[data-secret=\"'+t.secret+'\"]'),c=new RegExp(\"^https?:$\",\"i\"),i=0;i<o.length;i++)o[i].style.display=\"none\";for(i=0;i<a.length;i++)s=a[i],e.source===s.contentWindow&&(s.removeAttribute(\"style\"),\"height\"===t.message?(1e3<(r=parseInt(t.value,10))?r=1e3:~~r<200&&(r=200),s.height=r):\"link\"===t.message&&(r=new URL(s.getAttribute(\"src\")),n=new URL(t.value),c.test(n.protocol))&&n.host===r.host&&l.activeElement===s&&(d.top.location.href=t.value))}},d.addEventListener(\"message\",d.wp.receiveEmbedMessage,!1),l.addEventListener(\"DOMContentLoaded\",function(){for(var e,t,s=l.querySelectorAll(\"iframe.wp-embedded-content\"),r=0;r<s.length;r++)(t=(e=s[r]).getAttribute(\"data-secret\"))||(t=Math.random().toString(36).substring(2,12),e.src+=\"#?secret=\"+t,e.setAttribute(\"data-secret\",t)),e.contentWindow.postMessage({message:\"ready\",secret:t},\"*\")},!1)))}(window,document);\n<\/script>","description":"Napirend: 1. Cs\u00e1k J\u00e1nos kult\u00far\u00e1\u00e9rt \u00e9s innov\u00e1ci\u00f3\u00e9rt felel\u0151s miniszter \u00e9ves meghallgat\u00e1sa.(Az Orsz\u00e1ggy\u0171l\u00e9sr\u0151l sz\u00f3l\u00f3 2012. \u00e9vi XXXVI. t\u00f6rv\u00e9ny 41. \u00a7-a alapj\u00e1n).Megjelent: Vit\u00e1lyos Eszter miniszterhelyettes, (Kultur\u00e1lis \u00e9s Innov\u00e1ci\u00f3s Miniszt\u00e9rium).Zavogy\u00e1n Magdolna \u00e1llamtitk\u00e1r, (KIM). Dr. Hank\u00f3 Bal\u00e1zs \u00e1llamtitk\u00e1r, (KIM). 2. Egyebek"}

ВІРА ҐІРІЦ

Magyarországi Nemzetiségek Bizottsága 2023.12.05. - GIRICZ VERA

<blockquote class="wp-embedded-content" data-secret="hBSbodzCXV"><a href="https://giriczvera.hu/ru/magyarorszagi-nemzetisegek-bizottsaga-2023-december-5-ulese/">Magyarországi Nemzetiségek Bizottsága 2023.12.05.</a></blockquote><iframe sandbox="allow-scripts" security="restricted" src="https://giriczvera.hu/ru/magyarorszagi-nemzetisegek-bizottsaga-2023-december-5-ulese/embed/#?secret=hBSbodzCXV" width="600" height="338" title="«Magyarországi Nemzetiségek Bizottsága 2023.12.05.» &#8212; GIRICZ VERA" data-secret="hBSbodzCXV" frameborder="0" marginwidth="0" marginheight="0" scrolling="no" class="wp-embedded-content"></iframe><script>
/*! This file is auto-generated */
!function(d,l){"use strict";l.querySelector&&d.addEventListener&&"undefined"!=typeof URL&&(d.wp=d.wp||{},d.wp.receiveEmbedMessage||(d.wp.receiveEmbedMessage=function(e){var t=e.data;if((t||t.secret||t.message||t.value)&&!/[^a-zA-Z0-9]/.test(t.secret)){for(var s,r,n,a=l.querySelectorAll('iframe[data-secret="'+t.secret+'"]'),o=l.querySelectorAll('blockquote[data-secret="'+t.secret+'"]'),c=new RegExp("^https?:$","i"),i=0;i<o.length;i++)o[i].style.display="none";for(i=0;i<a.length;i++)s=a[i],e.source===s.contentWindow&&(s.removeAttribute("style"),"height"===t.message?(1e3<(r=parseInt(t.value,10))?r=1e3:~~r<200&&(r=200),s.height=r):"link"===t.message&&(r=new URL(s.getAttribute("src")),n=new URL(t.value),c.test(n.protocol))&&n.host===r.host&&l.activeElement===s&&(d.top.location.href=t.value))}},d.addEventListener("message",d.wp.receiveEmbedMessage,!1),l.addEventListener("DOMContentLoaded",function(){for(var e,t,s=l.querySelectorAll("iframe.wp-embedded-content"),r=0;r<s.length;r++)(t=(e=s[r]).getAttribute("data-secret"))||(t=Math.random().toString(36).substring(2,12),e.src+="#?secret="+t,e.setAttribute("data-secret",t)),e.contentWindow.postMessage({message:"ready",secret:t},"*")},!1)))}(window,document);
</script>

Napirend: 1. Csák János kultúráért és innovációért felelős miniszter éves meghallgatása.(Az Országgyűlésről szóló 2012. évi XXXVI. törvény 41. §-a alapján).Megjelent: Vitályos Eszter miniszterhelyettes, (Kulturális és Innovációs Minisztérium).Zavogyán Magdolna államtitkár, (KIM). Dr. Hankó Balázs államtitkár, (KIM). 2. Egyebek
