{"version":"1.0","provider_name":"\u0412\u0406\u0420\u0410 \u0490\u0406\u0420\u0406\u0426","provider_url":"https:\/\/giriczvera.hu\/ru","title":"Ger\u00e9nyi rotunda - GIRICZ VERA","type":"rich","width":600,"height":338,"html":"<blockquote class=\"wp-embedded-content\" data-secret=\"pgbiPkwXnq\"><a href=\"https:\/\/giriczvera.hu\/ru\/kep\/\">Ger\u00e9nyi rotunda<\/a><\/blockquote><iframe sandbox=\"allow-scripts\" security=\"restricted\" src=\"https:\/\/giriczvera.hu\/ru\/kep\/embed\/#?secret=pgbiPkwXnq\" width=\"600\" height=\"338\" title=\"\u00abGer\u00e9nyi rotunda\u00bb &#8212; GIRICZ VERA\" data-secret=\"pgbiPkwXnq\" frameborder=\"0\" marginwidth=\"0\" marginheight=\"0\" scrolling=\"no\" class=\"wp-embedded-content\"><\/iframe><script>\n\/*! This file is auto-generated *\/\n!function(d,l){\"use strict\";l.querySelector&&d.addEventListener&&\"undefined\"!=typeof URL&&(d.wp=d.wp||{},d.wp.receiveEmbedMessage||(d.wp.receiveEmbedMessage=function(e){var t=e.data;if((t||t.secret||t.message||t.value)&&!\/[^a-zA-Z0-9]\/.test(t.secret)){for(var s,r,n,a=l.querySelectorAll('iframe[data-secret=\"'+t.secret+'\"]'),o=l.querySelectorAll('blockquote[data-secret=\"'+t.secret+'\"]'),c=new RegExp(\"^https?:$\",\"i\"),i=0;i<o.length;i++)o[i].style.display=\"none\";for(i=0;i<a.length;i++)s=a[i],e.source===s.contentWindow&&(s.removeAttribute(\"style\"),\"height\"===t.message?(1e3<(r=parseInt(t.value,10))?r=1e3:~~r<200&&(r=200),s.height=r):\"link\"===t.message&&(r=new URL(s.getAttribute(\"src\")),n=new URL(t.value),c.test(n.protocol))&&n.host===r.host&&l.activeElement===s&&(d.top.location.href=t.value))}},d.addEventListener(\"message\",d.wp.receiveEmbedMessage,!1),l.addEventListener(\"DOMContentLoaded\",function(){for(var e,t,s=l.querySelectorAll(\"iframe.wp-embedded-content\"),r=0;r<s.length;r++)(t=(e=s[r]).getAttribute(\"data-secret\"))||(t=Math.random().toString(36).substring(2,12),e.src+=\"#?secret=\"+t,e.setAttribute(\"data-secret\",t)),e.contentWindow.postMessage({message:\"ready\",secret:t},\"*\")},!1)))}(window,document);\n<\/script>","description":"A Ger\u00e9nyi rotunda Ger\u00e9ny Ungv\u00e1r peremter\u00fclet\u00e9n tal\u00e1lhat\u00f3 telep\u00fcl\u00e9s. 1332-ben\u00a0Gheren\u00a0n\u00e9ven eml\u00edtik el\u0151sz\u00f6r. Felt\u00e9telezhet\u0151, hogy a k\u00f6rtemplom XII. sz\u00e1zad v\u00e9g\u00e9n, esetleg a XIII. sz\u00e1zad elej\u00e9n \u00e9p\u00fclt, elrendez\u00e9se biz\u00e1nci hat\u00e1st mutat.\u00a0 A XV. sz\u00e1zadban g\u00f3tikus st\u00edlusban b\u0151v\u00edtett\u00e9k.\u00a0A XIX. sz\u00e1zad v\u00e9g\u00e9n a rotund\u00e1ban rendk\u00edv\u00fcl gazdag k\u00f6z\u00e9pkori falk\u00e9p egy\u00fcttest tal\u00e1ltak. Jelenleg a Boldogs\u00e1gos Szent Sz\u0171z oltalm\u00e1ra felszentelt g\u00f6r\u00f6gkatolikus templomk\u00e9nt tartj\u00e1k [&hellip;]","thumbnail_url":"https:\/\/giriczvera.hu\/wp-content\/uploads\/2023\/04\/rot_2_lic-768x542.png"}

ВІРА ҐІРІЦ

Gerényi rotunda - GIRICZ VERA

<blockquote class="wp-embedded-content" data-secret="pgbiPkwXnq"><a href="https://giriczvera.hu/ru/kep/">Gerényi rotunda</a></blockquote><iframe sandbox="allow-scripts" security="restricted" src="https://giriczvera.hu/ru/kep/embed/#?secret=pgbiPkwXnq" width="600" height="338" title="«Gerényi rotunda» &#8212; GIRICZ VERA" data-secret="pgbiPkwXnq" frameborder="0" marginwidth="0" marginheight="0" scrolling="no" class="wp-embedded-content"></iframe><script>
/*! This file is auto-generated */
!function(d,l){"use strict";l.querySelector&&d.addEventListener&&"undefined"!=typeof URL&&(d.wp=d.wp||{},d.wp.receiveEmbedMessage||(d.wp.receiveEmbedMessage=function(e){var t=e.data;if((t||t.secret||t.message||t.value)&&!/[^a-zA-Z0-9]/.test(t.secret)){for(var s,r,n,a=l.querySelectorAll('iframe[data-secret="'+t.secret+'"]'),o=l.querySelectorAll('blockquote[data-secret="'+t.secret+'"]'),c=new RegExp("^https?:$","i"),i=0;i<o.length;i++)o[i].style.display="none";for(i=0;i<a.length;i++)s=a[i],e.source===s.contentWindow&&(s.removeAttribute("style"),"height"===t.message?(1e3<(r=parseInt(t.value,10))?r=1e3:~~r<200&&(r=200),s.height=r):"link"===t.message&&(r=new URL(s.getAttribute("src")),n=new URL(t.value),c.test(n.protocol))&&n.host===r.host&&l.activeElement===s&&(d.top.location.href=t.value))}},d.addEventListener("message",d.wp.receiveEmbedMessage,!1),l.addEventListener("DOMContentLoaded",function(){for(var e,t,s=l.querySelectorAll("iframe.wp-embedded-content"),r=0;r<s.length;r++)(t=(e=s[r]).getAttribute("data-secret"))||(t=Math.random().toString(36).substring(2,12),e.src+="#?secret="+t,e.setAttribute("data-secret",t)),e.contentWindow.postMessage({message:"ready",secret:t},"*")},!1)))}(window,document);
</script>

A Gerényi rotunda Gerény Ungvár peremterületén található település. 1332-ben Gheren néven említik először. Feltételezhető, hogy a körtemplom XII. század végén, esetleg a XIII. század elején épült, elrendezése bizánci hatást mutat.  A XV. században gótikus stílusban bővítették. A XIX. század végén a rotundában rendkívül gazdag középkori falkép együttest találtak. Jelenleg a Boldogságos Szent Szűz oltalmára felszentelt görögkatolikus templomként tartják [&hellip;]
